 z?
7
Suppose -157*u - 3 = -158*u, 2*c - u = 27779. What is the tens digit of c?
9
What is the tens digit of ((-204)/16)/((-121)/(-328) + 6/(-16))?
9
Let v = 544 - 540. What is the tens digit of 994 - v - (1 + (0 - 6))?
9
Let m(s) = 148*s + 102. Let r be m(18). Suppose -19*g + 1756 = -r. What is the tens digit of g?
3
Let p(n) = -3*n + 90. Let m(u) = -2*u + 45. Let t(c) = -7*m(c) + 4*p(c). Let d be t(-21). Suppose -d*s + 7*s - 40 = 0. What is the units digit of s?
0
Let g(f) = 33*f**2 + 12*f - 18. Let a = 10 - 7. What is the units digit of g(a)?
5
Let b(y) = y**2 + 4*y - 73. Let q be b(42). Let f = -1001 + q. What is the hundreds digit of f?
8
Let m be (8/12 + 1/3)*5. Let x be -4 - (-213 + (-15)/m). Let b = 373 - x. What is the hundreds digit of b?
1
Let f(m) = -m**2 - 6*m - 3. Let p be f(-5). Suppose -12 = t - u, -t - 2*u = -p*t - 9. What is the units digit of 46/(-345) - 3617/t?
1
Let o(a) = 7*a**2 - 4*a + 102. What is the hundreds digit of o(-9)?
7
Let w(o) = 48*o - 33*o - 367 + 14*o + 62*o. What is the tens digit of w(8)?
6
Suppose -7*k = -225*k + 12291058. What is the thousands digit of k?
6
Let u = -2369 + 3998. Let s be 9/6*-2 - u/(-3). Suppose 173*j - 168*j = s. What is the units digit of j?
8
Let h(c) = 26*c - 8. Let n be 285*(-4)/20*-2. Let k = n + -109. What is the units digit of h(k)?
2
What is the hundreds digit of 6/((-42)/(-7)) + (10352 - (5 - 0))?
3
Let u(b) = -3*b**2 + 6*b + 7. Let t be u(5). Let z = t - -43. Suppose z*m - 7*m = -a - 156, 73 = m + 2*a. What is the tens digit of m?
7
Suppose -119 + 1724 = 5*q. Suppose 0 = -3*y + 3, -2*j + y = 2*y - q. What is the hundreds digit of j?
1
Let k be ((-1 + 1)*-1)/(122 + -118). Suppose k = 5*a - 915 + 145. What is the tens digit of a?
5
Let w be (-6)/(-27) - 119956/18. What is the hundreds digit of 5/(-90)*4 + w/(-18)?
3
Let f = 29 + -23. Let a(t) = 14 + 30*t**3 - 23*t**2 - 38*t - 31*t**3 + f*t. What is the hundreds digit of a(-22)?
2
Let q(j) = j**3 - 7*j**2 + 10*j - 24. Let r be q(8). Let w = r + -89. What is the units digit of w?
1
Suppose n - 2 = 0, -4*n + 37016 = 12*w - 8*w. What is the tens digit of w?
5
Suppose -3*o - 6 = 0, -638*n = -636*n - o - 312. What is the units digit of n?
5
Suppose -3*p = -2*t - 16417 - 1758, 5*p + t = 30309. What is the units digit of p?
1
Let y = 28944 + 17486. What is the tens digit of y?
3
What is the tens digit of -5 - (-8026 - 9 - -4)?
2
Let b be (-1)/7 + 1012/77 - -1. What is the tens digit of b/(-14)*-2*334?
6
Let o(n) = 484*n**3 + 21*n**2 - 93*n - 2. What is the tens digit of o(4)?
3
Let z be (-4)/3 - (0 - 16/(-6)). Let c be (16/6 + -4)*(-6)/z. What is the units digit of ((-32)/(-5) - c)/((-12)/(-320))?
4
Let n(i) = 29*i - 1. Let t be n(1). Let c = t + 133. Suppose -2*r + 8 = 0, r - c = -3*v + 5*r. What is the tens digit of v?
5
Let i(y) = -8*y + 28. Let k be i(-4). Let z = k - 57. Suppose -2*h - 391 = -4*p - z*h, -287 = -3*p - 2*h. What is the tens digit of p?
9
Suppose 0 = -12*i - 23928 - 8400. What is the tens digit of 2/2 - i/(-12)*-2?
5
Suppose -43*q = -42*q + 2*a + 1, -3*q = -3*a - 6. Let c(j) = 23*j**2 - 3*j + 2. Let s(b) = -b**2. Let d(f) = c(f) - 5*s(f). What is the units digit of d(q)?
7
Let l = 2506 - -319. What is the units digit of l?
5
Let d(q) = -q. Let y(j) = -24*j + 8. Let m(p) = 8*d(p) + y(p). Let g be m(14). Let i = g + 638. What is the units digit of i?
8
Let c be 1/4 + (-20745)/(-60). Suppose -2*o = -j + c, -336 = -j + 10*o - 6*o. What is the units digit of 12/9 + -1 - j/(-3)?
9
Let w be (2 - 7) + (29 - 20). Suppose 5076 = w*g - p, g + 3*p = -g + 2524. What is the thousands digit of g?
1
Suppose 10*r = 17*r - 5803. Suppose c = 4*i + r, 5*c - 2989 - 1056 = -5*i. What is the units digit of c?
3
Let b(f) = -f**3 + 22*f**2 + 168*f - 29. What is the thousands digit of b(22)?
3
What is the ten thousands digit of 7*-1 + (-24 - -57167 - -4) + 8?
5
What is the thousands digit of 4/(132/340083) - 300/550?
0
Suppose z - x = -4*z + 48099, 5*z - 48105 = -5*x. What is the units digit of z?
0
Suppose 3*n + 4*m - 18963 = 0, -2*m + 5400 = -5*n + 36979. What is the thousands digit of n?
6
Let l(d) = d**3 + 14*d**2 + 17*d + 24. Let n be l(-13). What is the units digit of (-1523)/(-4) + (2 - n/(-16))?
1
Suppose -a = 3*z - 2482, 5*a - 2*z - 10295 = 2149. What is the thousands digit of a?
2
What is the ten thousands digit of ((-5403480)/(-160))/((15/(-70))/(8/(-14)))?
9
Suppose -314 = -2*v + 170. Let o = 942 - v. What is the tens digit of o?
0
Suppose 7*o + 56 = 0, b - 2*o = -3*b + 148920. What is the ten thousands digit of b?
3
Let j = -3 + 6. Let z = -714 - -654. What is the tens digit of j - (z + 0 + (-2 - -2))?
6
Let c = -744 + 2013. Suppose -c + 288 = -9*d. Let g = d - 6. What is the units digit of g?
3
Let q(d) = -d**3 - 15*d**2 - 119*d - 51. What is the thousands digit of q(-22)?
5
What is the ten thousands digit of (518 - -9)/(-7 + (-1350)/(-192))?
1
Let u be 10/45 + (-48)/(-27). Suppose -5 = 2*y - 9, -u*z - 5*y + 242 = 0. Let l = z - 68. What is the units digit of l?
8
Let n(d) be the second derivative of 2*d**3 - 143*d**2/2 - 132*d. What is the units digit of n(18)?
3
Let h be (-293)/(-4)*(2 - 40/(-4)). Let d = 1991 - h. What is the thousands digit of d?
1
Let j(n) = -3*n**3 + 8*n**2 - 41*n - 58. What is the hundreds digit of j(-19)?
1
Let b = -2151 - -5169. Suppose 4*x = b - 310. What is the units digit of x?
7
Let d be (3/6)/(6/(-120)). Let y(o) = 9*o**2 + 9*o + 161. What is the hundreds digit of y(d)?
9
Let k = 17663 + -8381. What is the units digit of k?
2
Let s be -4 + (-11)/((-11)/238). What is the hundreds digit of 106 - (s/63 + 2/7)?
1
What is the units digit of (-5303)/(-3) + (-316)/(-948)?
8
Suppose -5*l + 60 = 2*r, -5*r + 21 = 5*l - 54. Suppose l*v - 355 = -n + 7*v, 0 = 5*v + 15. What is the units digit of n?
4
Let n(a) = -85*a**2 - a + 42. Let v be n(-6). What is the units digit of 1/(-5) - v/10?
1
Let s be (-2)/(-10) + (-19)/(-5). Suppose d + 8 = s. What is the tens digit of -186*(14/d)/7?
9
Let x(b) be the first derivative of 9*b**2/2 - 20*b + 4. Let r be x(8). Let n = 9 + r. What is the units digit of n?
1
Let a be (-9 - -11) + 1*50. Let n = a + -37. Suppose n*f - 17*f = -162. What is the tens digit of f?
8
What is the hundreds digit of 762235/20 - (-42)/(-56)?
1
Let s(j) = 2*j + 37. Let a be s(-18). Let y be a + 3 - (4 - -3). What is the tens digit of (-65)/y + 5*(-5)/(-75)?
2
Let u(c) = 7*c**2 - 62*c - 622. What is the tens digit of u(47)?
2
Let a = -20 + 25. Suppose a*c - 12 = c, -2*c - 499 = -5*m. What is the tens digit of m?
0
Let b(l) = 1848*l**2 - 101*l + 522. What is the thousands digit of b(5)?
6
Suppose 0 = -8*l + 14 + 74. What is the units digit of ((81 - -2) + -2)/(12 - l)?
1
Let h(x) = -408*x**3 - 6*x**2 - 8*x + 4. What is the tens digit of h(-2)?
6
Suppose 3746 - 15314 = 6*b. Let k = -529 - b. What is the thousands digit of k?
1
Let l(w) = 73*w**2 + 127*w - 19. Let f be l(-10). Suppose 4*j + g = 6017, -4*j - 3*g + 0*g + f = 0. What is the units digit of j?
5
Let f be ((-4)/(-4))/1*-1. Let j(i) = 1237*i**2 - 6*i - 6. What is the hundreds digit of j(f)?
2
Suppose -65*j = -61*j + 1908. Let m = 921 + j. Let w = -304 + m. What is the hundreds digit of w?
1
Let t(m) = 4*m**2 + 10*m + 8. Let k be t(-1). Suppose 0 = j + 3, 0 = -5*n + k*j - 4*j + 1194. What is the tens digit of n?
4
Suppose -73638 = -6*y - 5*y - 7*y. What is the thousands digit of y?
4
What is the tens digit of 5 + (-56412)/(-90) - 4/5?
3
Let l(o) = 12*o + 1590. What is the hundreds digit of l(-45)?
0
Suppose 3*n - 1 = -o - 0*n, 0 = -2*o - n + 7. Let f(z) = -z**3 + 6*z**2 - 4*z + 8. What is the units digit of f(o)?
4
Suppose 12*w = -54971 - 35245. What is the tens digit of 4/22 + w/(-33) + -1?
2
Let o(u) = -15*u**3 - 5*u**2 + 2*u + 8. Let n be o(-1). Let h be 634/(-10) + (-8)/(-20). Let r = n - h. What is the tens digit of r?
7
Suppose -8*o - 10 = -13*o. Let q be (-5 + o - 1)*-2. What is the tens digit of 56/(-8)*(1 - q)?
4
Suppose 0 = -m - 2, 292 = 3*p - 3*m - 146. Let b = 746 - p. What is the hundreds digit of b?
6
Let f be 20*1629/4*23/69. What is the tens digit of (-2)/(1*-3 + f/915)?
6
What is the tens digit of 2614438/535 - (-6)/5?
8
Let g be -3*1*(-70)/(-2). Suppose -423 = -3*i + 5*b + 88, 0 = -i + 4*b + 175. Let k = g + i. What is the